{"id":1239,"date":"2024-03-19T21:37:28","date_gmt":"2024-03-19T20:37:28","guid":{"rendered":"https:\/\/pavon.dk\/?page_id=1239"},"modified":"2024-10-06T20:44:21","modified_gmt":"2024-10-06T18:44:21","slug":"avl-og-sundhed-2","status":"publish","type":"page","link":"https:\/\/pavon.dk\/?page_id=1239","title":{"rendered":"Sundhed og Opdr\u00e6t"},"content":{"rendered":"<h1>Opdr\u00e6t &amp; sundhed<\/h1>\n<p>Jo mere du ved om din Shar Pei, jo bedre rustet vil du v\u00e6re som ejer til at h\u00e5ndtere de udfordringer, der kan v\u00e6re med at eje en Shar Pei.<\/p>\n<p>Shar Pei er ekstremt intelligente og n\u00e5r de er unge, er de meget nysgerrige. De vil vandre rundt i deres omgivelser og interagere med ting p\u00e5 m\u00e5der, der kan have nogle ret humoristiske resultater.<\/p>\n<h2>Rynket hud<\/h2>\n<p>Shar Pei`en er kendt for sin rynkede hud. Alle har set et billede af en Shar Pei<br \/>\nsom lille hvalp, og nogle kender kun racen ud fra Shar Pei-billeder af denne lille rynkede<br \/>\n&#8220;rosin med ben&#8221;, det billede \u00e6ndrer sig n\u00e5r den bliver voksen og &#8220;fylder sin hud ud&#8221; .<\/p>\n<p>En unders\u00f8gelse af Shar Pei racen vil fort\u00e6lle dig at den lille hvalp vil vokse sig til<br \/>\nen meget st\u00e6rk og god st\u00f8rrelse hund, der har et meget majest\u00e6tisk og kraftfuldt udseende.<\/p>\n<p>Heldigvis bevarer Shar Pei\u00b4en sit karakteristiske rynkede ansigt som f\u00e6rdigudvokset Shar Pei.<\/p>\n<style>\/*! elementor - v3.20.0 - 13-03-2024 *\/<br \/>\n.elementor-widget-image{text-align:center}.elementor-widget-image a{display:inline-block}.elementor-widget-image a img[src$=\".svg\"]{width:48px}.elementor-widget-image img{vertical-align:middle;display:inline-block}<\/style>\n<p><img decoding=\"async\" src=\"https:\/\/pavon.dk\/wp-content\/uploads\/billederogfiler\/001diverse\/008.png\" \/><br \/>\n<img decoding=\"async\" src=\"https:\/\/pavon.dk\/wp-content\/uploads\/billederogfiler\/001diverse\/007.png\" \/><\/p>\n<h2>Shar Pei pels<\/h2>\n<p>Der findes tre forskellige pelstyper hos Shar Pei (horsecoat, brushcoat, bearcoat) ,<br \/>\nhvor af de 2 er godkendte (standardiseret).<br \/>\n<a href=\"https:\/\/pavon.dk\/?page_id=2300\">L\u00e6s mere her<\/a><\/p>\n<h2>Sundhed<\/h2>\n<p>I dag har racen ikke flere problemer end andre race-rene hunde, men man skal stadig v\u00e6lge sine hunde med omhu og tjekke linierne for \u00f8jen-, \u00f8re-, mund- og hud problemer samt den frygtede amyloidose og Shar Pei feber.<\/p>\n","protected":false},"excerpt":{"rendered":"<p>Opdr\u00e6t &amp; sundhed Jo mere du ved om din Shar Pei, jo bedre rustet vil du v\u00e6re som ejer til at h\u00e5ndtere de udfordringer, der kan v\u00e6re med at eje en Shar Pei. Shar Pei er ekstremt intelligente og n\u00e5r de er unge, er de meget nysgerrige. De vil vandre rundt i deres omgivelser og [&hellip;]<\/p>\n","protected":false},"author":1,"featured_media":0,"parent":0,"menu_order":0,"comment_status":"closed","ping_status":"closed","template":"","meta":{"ocean_post_layout":"left-sidebar","ocean_both_sidebars_style":"","ocean_both_sidebars_content_width":0,"ocean_both_sidebars_sidebars_width":0,"ocean_sidebar":"ocs-sundhed-og-opdraet","ocean_second_sidebar":"","ocean_disable_margins":"enable","ocean_add_body_class":"","ocean_shortcode_before_top_bar":"","ocean_shortcode_after_top_bar":"","ocean_shortcode_before_header":"","ocean_shortcode_after_header":"","ocean_has_shortcode":"","ocean_shortcode_after_title":"","ocean_shortcode_before_footer_widgets":"","ocean_shortcode_after_footer_widgets":"","ocean_shortcode_before_footer_bottom":"","ocean_shortcode_after_footer_bottom":"","ocean_display_top_bar":"default","ocean_display_header":"default","ocean_header_style":"","ocean_center_header_left_menu":"","ocean_custom_header_template":"","ocean_custom_logo":0,"ocean_custom_retina_logo":0,"ocean_custom_logo_max_width":0,"ocean_custom_logo_tablet_max_width":0,"ocean_custom_logo_mobile_max_width":0,"ocean_custom_logo_max_height":0,"ocean_custom_logo_tablet_max_height":0,"ocean_custom_logo_mobile_max_height":0,"ocean_header_custom_menu":"","ocean_menu_typo_font_family":"","ocean_menu_typo_font_subset":"","ocean_menu_typo_font_size":0,"ocean_menu_typo_font_size_tablet":0,"ocean_menu_typo_font_size_mobile":0,"ocean_menu_typo_font_size_unit":"px","ocean_menu_typo_font_weight":"","ocean_menu_typo_font_weight_tablet":"","ocean_menu_typo_font_weight_mobile":"","ocean_menu_typo_transform":"","ocean_menu_typo_transform_tablet":"","ocean_menu_typo_transform_mobile":"","ocean_menu_typo_line_height":0,"ocean_menu_typo_line_height_tablet":0,"ocean_menu_typo_line_height_mobile":0,"ocean_menu_typo_line_height_unit":"","ocean_menu_typo_spacing":0,"ocean_menu_typo_spacing_tablet":0,"ocean_menu_typo_spacing_mobile":0,"ocean_menu_typo_spacing_unit":"","ocean_menu_link_color":"","ocean_menu_link_color_hover":"","ocean_menu_link_color_active":"","ocean_menu_link_background":"","ocean_menu_link_hover_background":"","ocean_menu_link_active_background":"","ocean_menu_social_links_bg":"","ocean_menu_social_hover_links_bg":"","ocean_menu_social_links_color":"","ocean_menu_social_hover_links_color":"","ocean_disable_title":"default","ocean_disable_heading":"default","ocean_post_title":"","ocean_post_subheading":"","ocean_post_title_style":"","ocean_post_title_background_color":"","ocean_post_title_background":0,"ocean_post_title_bg_image_position":"","ocean_post_title_bg_image_attachment":"","ocean_post_title_bg_image_repeat":"","ocean_post_title_bg_image_size":"","ocean_post_title_height":0,"ocean_post_title_bg_overlay":0.5,"ocean_post_title_bg_overlay_color":"","ocean_disable_breadcrumbs":"default","ocean_breadcrumbs_color":"","ocean_breadcrumbs_separator_color":"","ocean_breadcrumbs_links_color":"","ocean_breadcrumbs_links_hover_color":"","ocean_display_footer_widgets":"default","ocean_display_footer_bottom":"default","ocean_custom_footer_template":"","footnotes":""},"categories":[],"tags":[],"class_list":["post-1239","page","type-page","status-publish","hentry","entry"],"_links":{"self":[{"href":"https:\/\/pavon.dk\/index.php?rest_route=\/wp\/v2\/pages\/1239","targetHints":{"allow":["GET"]}}],"collection":[{"href":"https:\/\/pavon.dk\/index.php?rest_route=\/wp\/v2\/pages"}],"about":[{"href":"https:\/\/pavon.dk\/index.php?rest_route=\/wp\/v2\/types\/page"}],"author":[{"embeddable":true,"href":"https:\/\/pavon.dk\/index.php?rest_route=\/wp\/v2\/users\/1"}],"replies":[{"embeddable":true,"href":"https:\/\/pavon.dk\/index.php?rest_route=%2Fwp%2Fv2%2Fcomments&post=1239"}],"version-history":[{"count":4,"href":"https:\/\/pavon.dk\/index.php?rest_route=\/wp\/v2\/pages\/1239\/revisions"}],"predecessor-version":[{"id":2996,"href":"https:\/\/pavon.dk\/index.php?rest_route=\/wp\/v2\/pages\/1239\/revisions\/2996"}],"wp:attachment":[{"href":"https:\/\/pavon.dk\/index.php?rest_route=%2Fwp%2Fv2%2Fmedia&parent=1239"}],"wp:term":[{"taxonomy":"category","embeddable":true,"href":"https:\/\/pavon.dk\/index.php?rest_route=%2Fwp%2Fv2%2Fcategories&post=1239"},{"taxonomy":"post_tag","embeddable":true,"href":"https:\/\/pavon.dk\/index.php?rest_route=%2Fwp%2Fv2%2Ftags&post=1239"}],"curies":[{"name":"wp","href":"https:\/\/api.w.org\/{rel}","templated":true}]}}