{"id":1253,"date":"2024-03-19T22:02:36","date_gmt":"2024-03-19T21:02:36","guid":{"rendered":"https:\/\/pavon.dk\/?page_id=1253"},"modified":"2024-10-07T09:54:23","modified_gmt":"2024-10-07T07:54:23","slug":"shar-pei-hvalp","status":"publish","type":"page","link":"https:\/\/pavon.dk\/?page_id=1253","title":{"rendered":"Shar Pei hvalp"},"content":{"rendered":"<p><a style=\"background-color: #f0c14b; color: white; padding: 10px 15px; border-radius: 5px; text-decoration: none; margin-bottom: 20px; display: inline-block;\" href=\"https:\/\/pavon.dk\/\">Forside<\/a><\/p>\n<h1>F\u00f8r du k\u00f8ber hvalp<\/h1>\n<p>Klubbens bestyrelse &#8211; og sikkert ogs\u00e5 klubbens medlemmer -bliver ofte spurgt om vejledning i forbindelse med k\u00f8b af hvalp.<\/p>\n<p>Og ofte dukker disse to sp\u00f8rgsm\u00e5l op:<\/p>\n<ul>\n<li>Hvad vurderes der ud fra?<\/li>\n<\/ul>\n<ul>\n<li>Har klubben opdr\u00e6ttere, som kan anbefales?<\/li>\n<\/ul>\n<p>Det er meget relevante sp\u00f8rgsm\u00e5l, da det at k\u00f8be en hvalp er at k\u00f8be et levende v\u00e6sen, som man skal dele sit liv med i mange \u00e5r frem i tiden. En god start og et langt og godt hundeliv starter hos en ansvarsbevidst opdr\u00e6tter!<\/p>\n<p>Kvaliteten af hunden afh\u00e6nger af, om den stammer fra gode sunde gener samt om opdr\u00e6tteren har gjort sit bedste for at give hvalpen en optimal start p\u00e5 livet. Og at g\u00f8re \u201dsit bedste\u201d handler ikke kun om, hvorvidt man har kysset og klappet hvalpen &#8211; det handler om viden!<\/p>\n<h2>Stambog<\/h2>\n<p>\u201dJamen, vores Shar Pei skal kun v\u00e6re familiehund. Vi skal ikke hverken opdr\u00e6tte eller udstille, s\u00e5 for os er det ligegyldigt med en DKK stambog\u201d<\/p>\n<p>Og hvem ved: det kan jo v\u00e6re, at du senere f\u00e5r brug for stambogen, selv om du ikke tror det lige nu. Mange hvalpek\u00f8bere har over tiden \u00e6rgret sig over ikke at have en DKK-stambog, da de efterf\u00f8lgende har f\u00e5et lyst til at f\u00e5 et kuld hvalpe og\/eller g\u00e5 p\u00e5 udstilling. Og der er jo ingen grund til p\u00e5 forh\u00e5nd at fraskrive sig disse muligheder.<\/p>\n<p>Begreberne &#8220;kennelklub&#8221; og &#8220;stambog&#8221; er ikke noget, som Dansk Kennel Klub har eneret p\u00e5. En hvilken som helst hundeklub\/-forening kan f\u00f8re sig frem som &#8220;kennelklub&#8221;, ligesom enhver kreativ person med en PC kan udskrive en &#8220;stambog&#8221;.<\/p>\n<p>V\u00e6r derfor opm\u00e6rksom p\u00e5, at DKK ikke anerkender stamb\u00f8ger, som er udstedt af private personer\/ foreninger som f.eks. CKC (Continental Kennel Club), DRU (Dansk Racehunde Union), DHL (Danske Hundeejeres Landsforening) osv.<br \/>Hvis din hund har en af disse \u201dStamb\u00f8ger\u201d, kan du godt blive medlem af Dansk Shar Pei Klub, men da vi f\u00f8lger DKK\u00b4s regels\u00e6t kan hunden(e) ikke udstilles og avlsgodkendes. Hvis du p\u00e5 trods af dette laver et kuld hvalpe p\u00e5 en s\u00e5dan hund, oph\u00f8rer dit medlemsskab af Dansk Shar Pei Klub.<\/p>\n<h2>Opdr\u00e6ttere i Dansk Shar Pei Klub<\/h2>\n<ul>\n<li>\n<p><b>Her i klubben finder du:<\/b><\/p>\n<p>Opdr\u00e6ttere der flere hunde til avl og som har k\u00f8bt et kennelnavn. De f\u00e5r gerne flere kuld, m\u00e5ske endda flere om \u00e5ret, alt efter hvor mange hunde de har og opdr\u00e6ttere der bare f\u00e5r et enkelt (eller et par) kuld hvalpe, p\u00e5 deres m\u00e5ske eneste t\u00e6ve og som ikke har investeret i et kennelnavn. Der er plads til begge typer opdr\u00e6ttere i klubben. Og begge typer kan v\u00e6re lige gode.<\/p>\n<p>N\u00e5r en opdr\u00e6tter lave et vist antal kuld om \u00e5ret er der pligt til deltage p\u00e5 DKK\u00b4s kurser og\/eller opdr\u00e6tteruddannelse. Det beh\u00f8ver de mindre opdr\u00e6ttere ikke.<\/p>\n<p>Ens for alle er, at hvis deres opdr\u00e6t &#8211; stort eller lille &#8211; lever op til reglerne fra DKK og Dansk Shar Pei Klub, ja s\u00e5 kan de alle annoncere deres hvalpe her p\u00e5 klubbens hjemmeside. Se regler for optagelse p\u00e5 opdr\u00e6tterlisten her.<\/li>\n<\/ul>\n<h2>Hvalpeliste<\/h2>\n<p>P\u00e5 vores hvalpeliste kan du se, hvilke hvalpe der er til salg lige nu samt hvilke kuld, der er i vente.<\/p>\n<p>P\u00e5 klubbens liste findes kun racetypiske hvalpe efter avlsgodkendte for\u00e6ldredyr. De er opdr\u00e6ttet af opdr\u00e6ttere, der alle er medlem af Dansk Shar Pei Klub.<\/p>\n<p>K\u00f8ber du en hvalp fra hvalpelisten, vil du gennem Dansk Shar Pei f\u00e5 kontakt med engagerede mennesker der (ofte) har mange \u00e5rs erfaring med racen. De vil derfor v\u00e6re i stand til at svare p\u00e5 dine sp\u00f8rgsm\u00e5l og kan hj\u00e6lpe dig og din hvalp godt p\u00e5 vej.<\/p>\n<p>For at give dig og din hvalp en god start, betaler opdr\u00e6tteren det f\u00f8rste \u00e5rs medlemskab af Dansk Shar Pei Klub. Via medlemskabet af Dansk Shar Pei Klub f\u00e5r du og din hvalp adgang til de mange sp\u00e6ndende arrangementer og aktiviteter, som klubben har at byde p\u00e5.<\/p>\n<h2>Bes\u00f8g forskellige opdr\u00e6ttere<\/h2>\n<p>Der er flere ting man som hvalpek\u00f8ber kan vurdere en opdr\u00e6tter ud fra, s\u00e5 k\u00f8bet ikke kun baseres p\u00e5 en god salgstale. Herunder finder du forskellige punkter, der kan hj\u00e6lpe dig til et vellykket k\u00f8b:<\/p>\n<ul>\n<li>Tag dig tid til at bes\u00f8ge forskellige opdr\u00e6ttere. P\u00e5 den m\u00e5de f\u00e5r du et bedre grundlag for at sammenligne og vurdere, hvordan hundene lever og har det samt om de ser ud og opf\u00f8rer sig, som du forventer og er typiske for racen.<\/li>\n<\/ul>\n<ul>\n<li>Sp\u00f8rg om du m\u00e5 m\u00f8de alle hundene p\u00e5 matriklen og se alle de steder, hvor hundene opholder sig. Hvis du ikke kan f\u00e5 lov til at se alle de steder; hvor hundene bor, sover, bliver luftet mm., eller hvis det viser sig, at de g\u00e5r i bure (her taler vi om mindre metalbure), ja s\u00e5 anbefaler vi, at du ser dig om efter en anden opdr\u00e6tter, da hundenes velf\u00e6rd b\u00f8r v\u00e6gtes h\u00f8jtest.<\/li>\n<\/ul>\n<p>Selvom DKK arbejder for, at man kun skal have det antal hunde, som man kan overkomme at aktivere dagligt, kan der v\u00e6re enkelte, der har sv\u00e6rt ved at begr\u00e6nse sig. DKK bes\u00f8ger ikke hver enkelt opdr\u00e6tter, og kender ikke til de eksakte forhold i de enkelte kenneler. Det er derfor op til dig som k\u00f8ber at vurdere, om du syntes opdr\u00e6tteren har for mange hunde til at hver enkelt dagligt kan blive luftet udenfor matriklen. Ja det er helt op til dig om du vil v\u00e6re med til at st\u00f8tte en s\u00e5dan opdr\u00e6tter!<br \/>Du skal huske p\u00e5, at en hund\/hvalp er et levende v\u00e6sen, som ogs\u00e5 kan v\u00e6re s\u00e5 uheldig at blive syg. Det beh\u00f8ver ikke at v\u00e6re fordi, at opdr\u00e6tteren ikke \u201dhar gjort sit avlsarbejde\u201d godt nok.<br \/>Herudover kan alle Shar Pei ejere og opdr\u00e6ttere (der f\u00f8lger DKK\u00b4s regler) blive medlem af Dansk Shar Pei Klub, men det er ikke n\u00f8dvendigvis en \u201dbl\u00e5stempling\u201d af opdr\u00e6tteren. Brug altid din sunde fornuft, n\u00e5r du skal k\u00f8be en hvalp.<\/p>\n<h2>Hundeudstillinger<\/h2>\n<p>P\u00e5 en klubudstilling kan du b\u00e5de m\u00f8de opdr\u00e6ttere og deres hvalpek\u00f8bere! (Se kommende klubarrangementer her). Du vil derfor f\u00e5 lejlighed til at hilse p\u00e5 flere opdr\u00e6ttere p\u00e5 \u00e9n gang, og du vil f\u00e5 lejlighed til at f\u00e5 en snak med deres hvalpek\u00f8bere. Sp\u00f8rg hvalpek\u00f8berne, hvem de har k\u00f8bt deres hund af, om de vil k\u00f8be hos den opdr\u00e6tter igen samt om de mener, at hunden er sund og rask, har et godt sind mm.<\/p>\n<p>Hvis du m\u00f8der op p\u00e5 en udstilling, skal du ikke lade dig sl\u00e5 ud af, at der m\u00e5ske ikke er tid til at kaste sig ud i en l\u00e6ngere samtale. Indg\u00e5 i stedet aftaler med opdr\u00e6ttere og hvalpek\u00f8bere om at m\u00f8des og snakke ved en senere lejlighed \u2013 enten ved et bes\u00f8g eller ved en kontakt pr. telefon\/mail. Udstilling af hunde er nemlig en sportsgren, hvor der er blevet tr\u00e6net mange timer inden, og deltagerne har betalt mange penge for at v\u00e6re med. Og hvis personen, som du henvender dig til skal udstille i ringen lige om lidt, s\u00e5 er der nerver p\u00e5 og fokus er rettet mod p\u00e5 det, der skal foreg\u00e5. Tag det ikke n\u00e6rt, men henvend dig blot til en anden \u2013 eller kontakt dem, n\u00e5r de har v\u00e6ret i ringen<\/p>\n<h2>Hundehandlere<\/h2>\n<p>Hvis du kun kan f\u00e5 lov at se hvalpene og ikke moderen\/t\u00e6ven, ja s\u00e5 kan der v\u00e6re risiko for, at de er smuglet ind i landet uden moderen\/t\u00e6ven. Og s\u00e5 er du er p\u00e5 bes\u00f8g hos en hundehandler! Disse hvalpe er h\u00f8jest sandsynligt taget fra deres mor alt- alt for tidligt, og deres helbred kan v\u00e6re d\u00e5rligere end du umiddelbart kan vurdere. Lad v\u00e6re med at k\u00f8be hvalp s\u00e5dan et sted, da du derved er med til at holde hjulene i gang, og p\u00e5 den m\u00e5de st\u00f8tter en \u201dbranche\u201d, der ikke burde eksistere. Og den holdes kun i gang, hvis der er kunder i butikken!!<br \/>Hvis der er flere racer under samme tag, og der er hvalpe til salg af dem alle, s\u00e5 b\u00f8r dine alarmklokker ogs\u00e5 ringe. Ingen ansvarsbevidst opdr\u00e6tter vil have s\u00e5 stort et \u201dudvalg\u201d. Det er kun \u201dopdr\u00e6ttere\/s\u00e6lgere\u201d, der vil sikre sig at f\u00e5 penge i kassen og have s\u00e5 mange racer til salg, for at kunne levere lige netop den \u201dvare\u201d, som du \u00f8nsker dig!<br \/>Da flere og flere f\u00e5r \u00f8jnene op for vores sk\u00f8nne race, kan der v\u00e6re ventetid for k\u00f8b af en DKK-stambogsf\u00f8rt Shar Pei hvalp. Mange k\u00f8berne bliver ut\u00e5lmodige og falder for &#8220;gode tilbud&#8221;. Dette har f\u00f8rt til, at mange er blevet snydt. Snydt med falske stamb\u00f8ger, falske dyrl\u00e6gepapirer, syge hunde \u2013 og s\u00e6lgeren er forsvundet fra jordens overflade!!<\/p>\n<p>Vi kan kun opfordre dig til at:<\/p>\n<p>V\u00c6RE T\u00c5LMODIG OG VENT P\u00c5 DEN RIGTIGE SHAR PEI, MED DEN RIGTIGE STAMBOG!!!<\/p>\n","protected":false},"excerpt":{"rendered":"<p>Forside F\u00f8r du k\u00f8ber hvalp Klubbens bestyrelse &#8211; og sikkert ogs\u00e5 klubbens medlemmer -bliver ofte spurgt om vejledning i forbindelse med k\u00f8b af hvalp. Og ofte dukker disse to sp\u00f8rgsm\u00e5l op: Hvad vurderes der ud fra? Har klubben opdr\u00e6ttere, som kan anbefales? Det er meget relevante sp\u00f8rgsm\u00e5l, da det at k\u00f8be en hvalp er at [&hellip;]<\/p>\n","protected":false},"author":1,"featured_media":0,"parent":0,"menu_order":0,"comment_status":"closed","ping_status":"closed","template":"","meta":{"ocean_post_layout":"left-sidebar","ocean_both_sidebars_style":"","ocean_both_sidebars_content_width":0,"ocean_both_sidebars_sidebars_width":0,"ocean_sidebar":"ocs-sundhed-og-opdraet","ocean_second_sidebar":"","ocean_disable_margins":"enable","ocean_add_body_class":"","ocean_shortcode_before_top_bar":"","ocean_shortcode_after_top_bar":"","ocean_shortcode_before_header":"","ocean_shortcode_after_header":"","ocean_has_shortcode":"","ocean_shortcode_after_title":"","ocean_shortcode_before_footer_widgets":"","ocean_shortcode_after_footer_widgets":"","ocean_shortcode_before_footer_bottom":"","ocean_shortcode_after_footer_bottom":"","ocean_display_top_bar":"default","ocean_display_header":"default","ocean_header_style":"","ocean_center_header_left_menu":"","ocean_custom_header_template":"","ocean_custom_logo":0,"ocean_custom_retina_logo":0,"ocean_custom_logo_max_width":0,"ocean_custom_logo_tablet_max_width":0,"ocean_custom_logo_mobile_max_width":0,"ocean_custom_logo_max_height":0,"ocean_custom_logo_tablet_max_height":0,"ocean_custom_logo_mobile_max_height":0,"ocean_header_custom_menu":"","ocean_menu_typo_font_family":"","ocean_menu_typo_font_subset":"","ocean_menu_typo_font_size":0,"ocean_menu_typo_font_size_tablet":0,"ocean_menu_typo_font_size_mobile":0,"ocean_menu_typo_font_size_unit":"px","ocean_menu_typo_font_weight":"","ocean_menu_typo_font_weight_tablet":"","ocean_menu_typo_font_weight_mobile":"","ocean_menu_typo_transform":"","ocean_menu_typo_transform_tablet":"","ocean_menu_typo_transform_mobile":"","ocean_menu_typo_line_height":0,"ocean_menu_typo_line_height_tablet":0,"ocean_menu_typo_line_height_mobile":0,"ocean_menu_typo_line_height_unit":"","ocean_menu_typo_spacing":0,"ocean_menu_typo_spacing_tablet":0,"ocean_menu_typo_spacing_mobile":0,"ocean_menu_typo_spacing_unit":"","ocean_menu_link_color":"","ocean_menu_link_color_hover":"","ocean_menu_link_color_active":"","ocean_menu_link_background":"","ocean_menu_link_hover_background":"","ocean_menu_link_active_background":"","ocean_menu_social_links_bg":"","ocean_menu_social_hover_links_bg":"","ocean_menu_social_links_color":"","ocean_menu_social_hover_links_color":"","ocean_disable_title":"default","ocean_disable_heading":"default","ocean_post_title":"","ocean_post_subheading":"","ocean_post_title_style":"","ocean_post_title_background_color":"","ocean_post_title_background":0,"ocean_post_title_bg_image_position":"","ocean_post_title_bg_image_attachment":"","ocean_post_title_bg_image_repeat":"","ocean_post_title_bg_image_size":"","ocean_post_title_height":0,"ocean_post_title_bg_overlay":0.5,"ocean_post_title_bg_overlay_color":"","ocean_disable_breadcrumbs":"default","ocean_breadcrumbs_color":"","ocean_breadcrumbs_separator_color":"","ocean_breadcrumbs_links_color":"","ocean_breadcrumbs_links_hover_color":"","ocean_display_footer_widgets":"default","ocean_display_footer_bottom":"default","ocean_custom_footer_template":"","footnotes":""},"categories":[],"tags":[],"class_list":["post-1253","page","type-page","status-publish","hentry","entry"],"_links":{"self":[{"href":"https:\/\/pavon.dk\/index.php?rest_route=\/wp\/v2\/pages\/1253","targetHints":{"allow":["GET"]}}],"collection":[{"href":"https:\/\/pavon.dk\/index.php?rest_route=\/wp\/v2\/pages"}],"about":[{"href":"https:\/\/pavon.dk\/index.php?rest_route=\/wp\/v2\/types\/page"}],"author":[{"embeddable":true,"href":"https:\/\/pavon.dk\/index.php?rest_route=\/wp\/v2\/users\/1"}],"replies":[{"embeddable":true,"href":"https:\/\/pavon.dk\/index.php?rest_route=%2Fwp%2Fv2%2Fcomments&post=1253"}],"version-history":[{"count":2,"href":"https:\/\/pavon.dk\/index.php?rest_route=\/wp\/v2\/pages\/1253\/revisions"}],"predecessor-version":[{"id":3128,"href":"https:\/\/pavon.dk\/index.php?rest_route=\/wp\/v2\/pages\/1253\/revisions\/3128"}],"wp:attachment":[{"href":"https:\/\/pavon.dk\/index.php?rest_route=%2Fwp%2Fv2%2Fmedia&parent=1253"}],"wp:term":[{"taxonomy":"category","embeddable":true,"href":"https:\/\/pavon.dk\/index.php?rest_route=%2Fwp%2Fv2%2Fcategories&post=1253"},{"taxonomy":"post_tag","embeddable":true,"href":"https:\/\/pavon.dk\/index.php?rest_route=%2Fwp%2Fv2%2Ftags&post=1253"}],"curies":[{"name":"wp","href":"https:\/\/api.w.org\/{rel}","templated":true}]}}