{"id":1287,"date":"2024-03-19T22:47:24","date_gmt":"2024-03-19T21:47:24","guid":{"rendered":"https:\/\/pavon.dk\/?page_id=1287"},"modified":"2024-03-19T22:50:03","modified_gmt":"2024-03-19T21:50:03","slug":"opdraettere","status":"publish","type":"page","link":"https:\/\/pavon.dk\/?page_id=1287","title":{"rendered":"Opdr\u00e6ttere"},"content":{"rendered":"<h1>Opdr\u00e6ttere<\/h1>\n<p>Shar Pei Klubben har mange ih\u00e6rdige opdr\u00e6ttere.<br \/>Her p\u00e5 opdr\u00e6ttersiden kan du finde links til de opdr\u00e6ttere, der enten har egen hjemmeside eller pr\u00e6senteres her.<br \/>Skulle du have sp\u00f8rgsm\u00e5l til racen eller kommende hvalpe, er opdr\u00e6tterne i Shar Pei klubben parate til at svare s\u00e5 godt de kan.<\/p>\n<p><b>Hafferlaffen<br \/>Mette Krog Andersen <br \/>Dristrup bygade 40,<br \/>5300 Kerteminde.<br \/>Tlf. 24830869<br \/><a href=\"mailto:Hafferlaffen3@hotmail.com\" data-mail=\"Hafferlaffen3\" data-domain=\"hotmail.com\">Hafferlaffen3@hotmail.com<\/a><br \/>http:\/\/www.hafferlaffen3.dk\/<\/p>\n<p>Hefei\u00b4s<br \/>Glennie Michaelsen<br \/>Spurvevej 51 <br \/>4171 Glums\u00f8<br \/>Tlf.40 25 82 09<br \/><a href=\"mailto:Hefei@gmail.com\" data-mail=\"Hefei\" data-domain=\"gmail.com\">Hefei@gmail.com<\/a><br \/>https:\/\/www.facebook.com\/Kennel-Hefeis-101955764553774\/<\/p>\n<p>Legacy of Lotus<br \/>Lilli og Frank Nielsen <br \/>Sus\u00e5vej 24 <br \/>7400 Herning<br \/>Tlf. 51724747 <\/p>\n<p>Top Tempel<br \/>Fredg\u00e5rdsvej 18<br \/>3200 Helsinge<br \/>Mail: <a href=\"mailto:maler@mhck.dk\" data-mail=\"maler\" data-domain=\"mhck.dk\">maler@mhck.dk<\/a><br \/>Tlf.40307919<br \/><\/b><\/p>\n","protected":false},"excerpt":{"rendered":"<p>Opdr\u00e6ttere Shar Pei Klubben har mange ih\u00e6rdige opdr\u00e6ttere.Her p\u00e5 opdr\u00e6ttersiden kan du finde links til de opdr\u00e6ttere, der enten har egen hjemmeside eller pr\u00e6senteres her.Skulle du have sp\u00f8rgsm\u00e5l til racen eller kommende hvalpe, er opdr\u00e6tterne i Shar Pei klubben parate til at svare s\u00e5 godt de kan. HafferlaffenMette Krog Andersen Dristrup bygade 40,5300 Kerteminde.Tlf. 24830869Hafferlaffen3@hotmail.comhttp:\/\/www.hafferlaffen3.dk\/ [&hellip;]<\/p>\n","protected":false},"author":1,"featured_media":0,"parent":0,"menu_order":0,"comment_status":"closed","ping_status":"closed","template":"","meta":{"ocean_post_layout":"left-sidebar","ocean_both_sidebars_style":"","ocean_both_sidebars_content_width":0,"ocean_both_sidebars_sidebars_width":0,"ocean_sidebar":"ocs-sundhed-og-opdraet","ocean_second_sidebar":"","ocean_disable_margins":"enable","ocean_add_body_class":"","ocean_shortcode_before_top_bar":"","ocean_shortcode_after_top_bar":"","ocean_shortcode_before_header":"","ocean_shortcode_after_header":"","ocean_has_shortcode":"","ocean_shortcode_after_title":"","ocean_shortcode_before_footer_widgets":"","ocean_shortcode_after_footer_widgets":"","ocean_shortcode_before_footer_bottom":"","ocean_shortcode_after_footer_bottom":"","ocean_display_top_bar":"default","ocean_display_header":"default","ocean_header_style":"","ocean_center_header_left_menu":"","ocean_custom_header_template":"","ocean_custom_logo":0,"ocean_custom_retina_logo":0,"ocean_custom_logo_max_width":0,"ocean_custom_logo_tablet_max_width":0,"ocean_custom_logo_mobile_max_width":0,"ocean_custom_logo_max_height":0,"ocean_custom_logo_tablet_max_height":0,"ocean_custom_logo_mobile_max_height":0,"ocean_header_custom_menu":"","ocean_menu_typo_font_family":"","ocean_menu_typo_font_subset":"","ocean_menu_typo_font_size":0,"ocean_menu_typo_font_size_tablet":0,"ocean_menu_typo_font_size_mobile":0,"ocean_menu_typo_font_size_unit":"px","ocean_menu_typo_font_weight":"","ocean_menu_typo_font_weight_tablet":"","ocean_menu_typo_font_weight_mobile":"","ocean_menu_typo_transform":"","ocean_menu_typo_transform_tablet":"","ocean_menu_typo_transform_mobile":"","ocean_menu_typo_line_height":0,"ocean_menu_typo_line_height_tablet":0,"ocean_menu_typo_line_height_mobile":0,"ocean_menu_typo_line_height_unit":"","ocean_menu_typo_spacing":0,"ocean_menu_typo_spacing_tablet":0,"ocean_menu_typo_spacing_mobile":0,"ocean_menu_typo_spacing_unit":"","ocean_menu_link_color":"","ocean_menu_link_color_hover":"","ocean_menu_link_color_active":"","ocean_menu_link_background":"","ocean_menu_link_hover_background":"","ocean_menu_link_active_background":"","ocean_menu_social_links_bg":"","ocean_menu_social_hover_links_bg":"","ocean_menu_social_links_color":"","ocean_menu_social_hover_links_color":"","ocean_disable_title":"default","ocean_disable_heading":"default","ocean_post_title":"","ocean_post_subheading":"","ocean_post_title_style":"","ocean_post_title_background_color":"","ocean_post_title_background":0,"ocean_post_title_bg_image_position":"","ocean_post_title_bg_image_attachment":"","ocean_post_title_bg_image_repeat":"","ocean_post_title_bg_image_size":"","ocean_post_title_height":0,"ocean_post_title_bg_overlay":0.5,"ocean_post_title_bg_overlay_color":"","ocean_disable_breadcrumbs":"default","ocean_breadcrumbs_color":"","ocean_breadcrumbs_separator_color":"","ocean_breadcrumbs_links_color":"","ocean_breadcrumbs_links_hover_color":"","ocean_display_footer_widgets":"default","ocean_display_footer_bottom":"default","ocean_custom_footer_template":"","footnotes":""},"categories":[],"tags":[],"class_list":["post-1287","page","type-page","status-publish","hentry","entry"],"_links":{"self":[{"href":"https:\/\/pavon.dk\/index.php?rest_route=\/wp\/v2\/pages\/1287","targetHints":{"allow":["GET"]}}],"collection":[{"href":"https:\/\/pavon.dk\/index.php?rest_route=\/wp\/v2\/pages"}],"about":[{"href":"https:\/\/pavon.dk\/index.php?rest_route=\/wp\/v2\/types\/page"}],"author":[{"embeddable":true,"href":"https:\/\/pavon.dk\/index.php?rest_route=\/wp\/v2\/users\/1"}],"replies":[{"embeddable":true,"href":"https:\/\/pavon.dk\/index.php?rest_route=%2Fwp%2Fv2%2Fcomments&post=1287"}],"version-history":[{"count":0,"href":"https:\/\/pavon.dk\/index.php?rest_route=\/wp\/v2\/pages\/1287\/revisions"}],"wp:attachment":[{"href":"https:\/\/pavon.dk\/index.php?rest_route=%2Fwp%2Fv2%2Fmedia&parent=1287"}],"wp:term":[{"taxonomy":"category","embeddable":true,"href":"https:\/\/pavon.dk\/index.php?rest_route=%2Fwp%2Fv2%2Fcategories&post=1287"},{"taxonomy":"post_tag","embeddable":true,"href":"https:\/\/pavon.dk\/index.php?rest_route=%2Fwp%2Fv2%2Ftags&post=1287"}],"curies":[{"name":"wp","href":"https:\/\/api.w.org\/{rel}","templated":true}]}}