{"id":1957,"date":"2024-03-23T19:36:46","date_gmt":"2024-03-23T18:36:46","guid":{"rendered":"https:\/\/pavon.dk\/?page_id=1957"},"modified":"2024-03-23T19:45:04","modified_gmt":"2024-03-23T18:45:04","slug":"regler-for-dansk-shar-pei-klubs-facebook-gruppe","status":"publish","type":"page","link":"https:\/\/pavon.dk\/?page_id=1957","title":{"rendered":"Facebookregler"},"content":{"rendered":"<p>Sharpei klubbens facebook gruppe er for medlemmer af Dansk Sharpei Klub ( special klub under DKK ) og kontrol udf\u00f8res.<br \/>Reglerne for Dansk Shar Pei klub facebookside skal altid ligge som fastgjort opslag s\u00e5 alle<br \/>medlemmer kan l\u00e6se den.<br \/>Denne Facebook gruppe er en lukket gruppe, og kun for medlemmer af Dansk Shar Pei Klub.<br \/>Udover at v\u00e6re betalende medlem af klubben, skal f\u00f8lgende regler efterleves<br \/>(ellers kan du\/I blive udelukket af Shar Pei Klubbens Facebook-gruppe).<br \/>Som medlem af gruppen SKAL man s\u00f8rge for at ens indl\u00e6g\/billeder er tilg\u00e6ngelige for ALLE andre<br \/>medlemmer af gruppen (dvs. at der er mulighed for at \u201dLike\u201d og kommentere disse).<br \/>Bestyrelsen har mulighed for at give medlemmerne informationer via facebooksiden.<br \/>Det er medlemmernes side hvor man kan udveksle foto&#8217;s, viden, Evt. f\u00e5 svar p\u00e5 sp\u00f8rgsm\u00e5l osv.<br \/>Man accepter med sit medlemskab at alle kan se indl\u00e6g og alle der mener sig i stand til at svare p\u00e5<br \/>et sp\u00f8rgsm\u00e5l, kan g\u00f8re dette.<br \/>Har nogen emner bestyrelsen skal tage stilling til kontaktes denne p\u00e5 mail disse vil ikke blive<br \/>besvaret p\u00e5 facebook.<br \/>Facebook er et offentligt forum og du\/I er derfor underlagt alm. dansk lov<br \/>(bl.a. straffelovens \u00a7 267 &amp; 268), hvor der st\u00e5r f\u00f8lgende.<br \/>\u00a7 267.<br \/>Den, som kr\u00e6nker en andens \u00e6re ved forn\u00e6rmelige ord eller handlinger eller ved at frems\u00e6tte<br \/>eller udbrede sigtelser for et forhold, der er egnet til at neds\u00e6tte den forn\u00e6rmede i medborgeres<br \/>agtelse, straffes med b\u00f8de eller f\u00e6ngsel indtil 4 m\u00e5neder.<br \/>\u00a7 268.<br \/>Er en sigtelse fremsat eller udbredt mod bedre vidende, eller har gerningsmanden savnet rimelig<br \/>grund til at anse den for sand, straffes gerningsmanden for bagvaskelse, og den i \u00a7 267 n\u00e6vnte<br \/>straf kan da stige til f\u00e6ngsel i 2 \u00e5r.<br \/>Hold en god tone i gruppen, det er ikke i orden at skrive nedladende til andre.<br \/>Der tolereres ikke bagtalelse af hverken andre medlemmer, opdr\u00e6ttere eller<br \/>bestyrelsesmedlemmer.<br \/>Det er IKKE i orden at \u201dh\u00e6nge\u201d andre Shar Pei ejere, bestyrelsesmedlemmer af Shar Pei Klubben,<br \/>eller opdr\u00e6ttere af Shar Pei ud.<br \/>Blokering af et\/flere medlemmer i klubbens gruppe accepteres ikke.<br \/>Interne stridigheder holdes internt og klares uden for klubregi.<br \/>Facebook gruppen er IKKE til henvendelser til Bestyrelsen.<br \/>Shar pei klubbens Facebook gruppe, er ikke en salgsside\/formidlingsside, s\u00e5 der m\u00e5 ikke forekomme annoncer af nogen art.<br \/>Facebook siden eller ting fra facebooksiden m\u00e5 ikke kopiers til andre sider.<br \/>Bestyrelsen er berettiget til at kunne udelukke enkelte medlemmer af Facebook-gruppen, uden varsel, hvis disse ikke efterlever overst\u00e5ende regler. (Dette g\u00f8res ved simpelt flertal i bestyrelsen).<br \/>(Disse regler er blevet vedtaget p\u00e5 bestyrelsesm\u00f8de d. 1. nov. 2014., og revideret p\u00e5 bestyrelsesm\u00f8de d. 10. juli 2016, samt revideret januar 2018)<\/p>\n","protected":false},"excerpt":{"rendered":"<p>Sharpei klubbens facebook gruppe er for medlemmer af Dansk Sharpei Klub ( special klub under DKK ) og kontrol udf\u00f8res.Reglerne for Dansk Shar Pei klub facebookside skal altid ligge som fastgjort opslag s\u00e5 allemedlemmer kan l\u00e6se den.Denne Facebook gruppe er en lukket gruppe, og kun for medlemmer af Dansk Shar Pei Klub.Udover at v\u00e6re betalende [&hellip;]<\/p>\n","protected":false},"author":1,"featured_media":0,"parent":0,"menu_order":0,"comment_status":"closed","ping_status":"closed","template":"","meta":{"ocean_post_layout":"right-sidebar","ocean_both_sidebars_style":"","ocean_both_sidebars_content_width":0,"ocean_both_sidebars_sidebars_width":0,"ocean_sidebar":"ocs-om-klubben","ocean_second_sidebar":"","ocean_disable_margins":"enable","ocean_add_body_class":"","ocean_shortcode_before_top_bar":"","ocean_shortcode_after_top_bar":"","ocean_shortcode_before_header":"","ocean_shortcode_after_header":"","ocean_has_shortcode":"","ocean_shortcode_after_title":"","ocean_shortcode_before_footer_widgets":"","ocean_shortcode_after_footer_widgets":"","ocean_shortcode_before_footer_bottom":"","ocean_shortcode_after_footer_bottom":"","ocean_display_top_bar":"default","ocean_display_header":"default","ocean_header_style":"","ocean_center_header_left_menu":"","ocean_custom_header_template":"","ocean_custom_logo":0,"ocean_custom_retina_logo":0,"ocean_custom_logo_max_width":0,"ocean_custom_logo_tablet_max_width":0,"ocean_custom_logo_mobile_max_width":0,"ocean_custom_logo_max_height":0,"ocean_custom_logo_tablet_max_height":0,"ocean_custom_logo_mobile_max_height":0,"ocean_header_custom_menu":"","ocean_menu_typo_font_family":"","ocean_menu_typo_font_subset":"","ocean_menu_typo_font_size":0,"ocean_menu_typo_font_size_tablet":0,"ocean_menu_typo_font_size_mobile":0,"ocean_menu_typo_font_size_unit":"px","ocean_menu_typo_font_weight":"","ocean_menu_typo_font_weight_tablet":"","ocean_menu_typo_font_weight_mobile":"","ocean_menu_typo_transform":"","ocean_menu_typo_transform_tablet":"","ocean_menu_typo_transform_mobile":"","ocean_menu_typo_line_height":0,"ocean_menu_typo_line_height_tablet":0,"ocean_menu_typo_line_height_mobile":0,"ocean_menu_typo_line_height_unit":"","ocean_menu_typo_spacing":0,"ocean_menu_typo_spacing_tablet":0,"ocean_menu_typo_spacing_mobile":0,"ocean_menu_typo_spacing_unit":"","ocean_menu_link_color":"","ocean_menu_link_color_hover":"","ocean_menu_link_color_active":"","ocean_menu_link_background":"","ocean_menu_link_hover_background":"","ocean_menu_link_active_background":"","ocean_menu_social_links_bg":"","ocean_menu_social_hover_links_bg":"","ocean_menu_social_links_color":"","ocean_menu_social_hover_links_color":"","ocean_disable_title":"default","ocean_disable_heading":"default","ocean_post_title":"","ocean_post_subheading":"","ocean_post_title_style":"","ocean_post_title_background_color":"","ocean_post_title_background":0,"ocean_post_title_bg_image_position":"","ocean_post_title_bg_image_attachment":"","ocean_post_title_bg_image_repeat":"","ocean_post_title_bg_image_size":"","ocean_post_title_height":0,"ocean_post_title_bg_overlay":0.5,"ocean_post_title_bg_overlay_color":"","ocean_disable_breadcrumbs":"default","ocean_breadcrumbs_color":"","ocean_breadcrumbs_separator_color":"","ocean_breadcrumbs_links_color":"","ocean_breadcrumbs_links_hover_color":"","ocean_display_footer_widgets":"default","ocean_display_footer_bottom":"default","ocean_custom_footer_template":"","footnotes":""},"categories":[],"tags":[],"class_list":["post-1957","page","type-page","status-publish","hentry","entry"],"_links":{"self":[{"href":"https:\/\/pavon.dk\/index.php?rest_route=\/wp\/v2\/pages\/1957","targetHints":{"allow":["GET"]}}],"collection":[{"href":"https:\/\/pavon.dk\/index.php?rest_route=\/wp\/v2\/pages"}],"about":[{"href":"https:\/\/pavon.dk\/index.php?rest_route=\/wp\/v2\/types\/page"}],"author":[{"embeddable":true,"href":"https:\/\/pavon.dk\/index.php?rest_route=\/wp\/v2\/users\/1"}],"replies":[{"embeddable":true,"href":"https:\/\/pavon.dk\/index.php?rest_route=%2Fwp%2Fv2%2Fcomments&post=1957"}],"version-history":[{"count":0,"href":"https:\/\/pavon.dk\/index.php?rest_route=\/wp\/v2\/pages\/1957\/revisions"}],"wp:attachment":[{"href":"https:\/\/pavon.dk\/index.php?rest_route=%2Fwp%2Fv2%2Fmedia&parent=1957"}],"wp:term":[{"taxonomy":"category","embeddable":true,"href":"https:\/\/pavon.dk\/index.php?rest_route=%2Fwp%2Fv2%2Fcategories&post=1957"},{"taxonomy":"post_tag","embeddable":true,"href":"https:\/\/pavon.dk\/index.php?rest_route=%2Fwp%2Fv2%2Ftags&post=1957"}],"curies":[{"name":"wp","href":"https:\/\/api.w.org\/{rel}","templated":true}]}}